
482 (base 12) to base 8
1242
What is -645 (base 14) in base 13?
-742
Convert 214 (base 11) to base 14.
145
What is -1254 (base 8) in base 2?
-1010101100
What is 111201 (base 3) in base 5?
2440
What is -433 (base 6) in base 3?
-20010
-15213 (base 9) to base 16
-288c
-112210 (base 3) to base 16
-18f
What is -1a79 (base 11) in base 9?
-3538
Convert -1110111000 (base 2) to base 6.
-4224
What is -11332131 (base 4) in base 9?
-36516
Convert -c772 (base 13) to base 10.
-27640
Convert -111111 (base 3) to base 13.
-220
-2004010 (base 5) to base 2
-111110000001011
c1c (base 14) to base 6
15002
-1841 (base 10) to base 3
-2112012
Convert -20132213 (base 4) to base 7.
-203150
What is 11935 (base 10) in base 14?
44c7
What is 44 (base 7) in base 13?
26
200 (base 14) to base 10
392
Convert -111 (base 4) to base 13.
-18
112011 (base 3) to base 6
1434
1ab (base 14) to base 11
296
What is 30314 (base 5) in base 8?
3647
Convert 50d7 (base 14) to base 3.
201002011
What is -2b6 (base 14) in base 12?
-3a0
What is 12023220 (base 4) in base 3?
1021201210
-11101110100 (base 2) to base 3
-2121200
What is -26245 (base 9) in base 8?
-42443
-1244134 (base 5) to base 3
-1021011221
Convert -1cb (base 16) to base 12.
-323
1775 (base 15) to base 2
1001111000100
-322332 (base 4) to base 7
-14001
-120443 (base 5) to base 9
-6147
Convert a3b (base 16) to base 12.
1623
What is -3540 (base 6) in base 4?
-31110
-924 (base 13) to base 11
-1190
-4a02 (base 13) to base 7
-42361
-a77 (base 11) to base 9
-1687
-3533 (base 9) to base 14
-d54
What is -32594 (base 10) in base 4?
-13331102
What is -1314 (base 6) in base 4?
-11032
What is -14004 (base 5) in base 6?
-5121
-359 (base 15) to base 2
-1011110111
Convert 4e1 (base 16) to base 15.
584
What is 16860 (base 9) in base 3?
120222000
-4247 (base 8) to base 2
-100010100111
5a3 (base 15) to base 3
1202100
What is 11a9 (base 11) in base 14?
803
-1430 (base 5) to base 2
-11110000
Convert -4131 (base 9) to base 4.
-233101
-6b1 (base 12) to base 16
-3e5
What is -3532 (base 8) in base 4?
-131122
Convert -3129 (base 12) to base 16.
-14f1
Convert 3035 (base 13) to base 5.
203020
-2465 (base 10) to base 15
-ae5
Convert -22420 (base 7) to base 9.
-7731
Convert 3120 (base 10) to base 13.
1560
What is -303201 (base 4) in base 2?
-110011100001
-221101 (base 4) to base 13
-1282
What is 317a (base 11) in base 15?
13a1
What is 4242 (base 7) in base 12?
a50
What is 2a9 (base 16) in base 3?
221020
17036 (base 8) to base 16
1e1e
What is 2082 (base 14) in base 8?
12742
What is 93 (base 16) in base 5?
1042
Convert 19789 (base 11) to base 3.
1101210220
Convert 1f8 (base 16) to base 10.
504
Convert 100010001101011 (base 2) to base 6.
213031
What is 2a32 (base 14) in base 16?
1d44
Convert -1cd (base 15) to base 13.
-262
Convert 292a (base 14) to base 10.
7290
What is -4302 (base 16) in base 15?
-5139
Convert -15023 (base 6) to base 2.
-100101010111
What is 143413 (base 5) in base 16?
17dc
What is 1763 (base 10) in base 9?
2368
Convert 162 (base 12) to base 9.
262
What is -bc (base 13) in base 5?
-1110
What is 3a (base 16) in base 11?
53
What is -131a (base 16) in base 7?
-20154
-2505 (base 6) to base 3
-211212
203220 (base 4) to base 10
2280
-115043 (base 8) to base 16
-9a23
What is 1772 (base 15) in base 9?
6838
Convert 6770 (base 10) to base 11.
50a5
Convert -88bd (base 14) to base 6.
-301355
What is -10010 (base 3) in base 13?
-66
14911 (base 13) to base 9
58304
What is -1a173 (base 11) in base 7?
-145035
696a (base 14) to base 5
1041242
-16cd (base 14) to base 7
-14646
What is 109c (base 16) in base 9?
5744
11001110 (base 2) to base 3
21122
-2849 (base 12) to base 9
-6353
Convert -10452 (base 6) to base 14.
-772
What is -11112222 (base 3) in base 14?
-12d2
What is c65 (base 13) in base 15?
95b
432d (base 15) to base 8
33612
What is 16a (base 16) in base 2?
101101010
Convert -120221100 (base 3) to base 13.
-539a
What is -6894 (base 11) in base 10?
-9057
Convert -140404 (base 5) to base 12.
-3395
What is -1e1c (base 15) in base 14?
-2560
1100100110011 (base 2) to base 16
1933
Convert 1581 (base 11) to base 8.
3751
Convert 122351 (base 8) to base 15.
c797
Convert -1205 (base 7) to base 13.
-284
Convert 1b49 (base 13) to base 15.
1347
1100120110 (base 3) to base 4
12200211
Convert 1312 (base 11) to base 7.
4656
Convert 41654 (base 7) to base 6.
115332
What is 555 (base 13) in base 16?
393
-11a (base 15) to base 5
-2000
What is 11120200022 (base 3) in base 7?
523601
Convert 251200 (base 6) to base 2.
101011100110000
-c6c5 (base 13) to base 14
-a071
Convert 4767 (base 8) to base 2.
100111110111
-1730 (base 8) to base 5
-12414
Convert 40 (base 9) to base 2.
100100
What is -12201021 (base 3) in base 10?
-4165
Convert -1093 (base 11) to base 10.
-1433
-114330 (base 5) to base 8
-10364
What is 1211103 (base 4) in base 2?
1100101010011
11301213 (base 4) to base 5
1224110
Convert 1a91 (base 14) to base 4.
1023133
-1c7a3 (base 13) to base 10
-56241
-1218 (base 10) to base 3
-1200010
-20201 (base 4) to base 7
-1406
What is -13013 (base 6) in base 9?
-2610
Convert -3312223 (base 4) to base 7.
-64012
Convert -13212 (base 6) to base 9.
-2688
What is 6ca4 (base 15) in base 7?
124234
-231330 (base 4) to base 11
-2233
What is 47236 (base 8) in base 10?
20126
Convert 136530 (base 7) to base 5.
1320314
What is 111100011000 (base 2) in base 16?
f18
Convert -16d04 (base 15) to base 9.
-122214
Convert 91c (base 13) to base 4.
120022
What is -249 (base 15) in base 4?
-20013
-1021101 (base 3) to base 4
-32200
54034 (base 6) to base 14
2982
Convert 101 (base 4) to base 15.
12
Convert -40763 (base 8) to base 2.
-100000111110011
Convert -2120212 (base 3) to base 12.
-1112
What is 42521 (base 7) in base 10?
10550
What is 246 (base 10) in base 12?
186
What is -779 (base 10) in base 12?
-54b
-513 (base 12) to base 5
-10420
Convert -370 (base 8) to base 7.
-503
-1664 (base 8) to base 9
-1263
-1133102 (base 4) to base 3
-22100212
What is 1334232 (base 5) in base 11?
19688
Convert 22122000 (base 3) to base 4.
1202103
What is 231 (base 16) in base 4?
20301
Convert -10100010011 (base 2) to base 15.
-5b9
What is 6c2 (base 16) in base 12?
1002
What is -113162 (base 7) in base 15?
-6055
-3723a (base 12) to base 10
-74638
Convert -202001 (base 3) to base 5.
-4131
What is 1570 (base 9) in base 14?
617
1524 (base 6) to base 12
2a4
-104 (base 7) to base 13
-41
Convert -1304 (base 11) to base 13.
-a08
What is -59 (base 14) in base 15?
-54
Convert 10222011 (base 3) to base 9.
3864
What is -1879 (base 13) in base 6?
-24521
Convert -5647 (base 11) to base 14.
-29cc
What is -2b60 (base 16) in base 8?
-25540
Convert -12337 (base 16) to base 6.
-1333051
Convert 7428 (base 15) to base 5.
1241223
Convert -1220330 (base 4) to base 2.
-1101000111100
Convert -2d6 (base 16) to base 6.
-3210
55 (base 12) to base 13
50
2195 (base 15) to base 5
211430
Convert -41142 (base 9) to base 7.
-141662
Convert 74a7 (base 11) to base 5.
304133
Convert 4661 (base 10) to base 8.
11065
-2461 (base 7) to base 5
-12200
Convert a15 (base 12) to base 9.
1888
Convert 123242 (base 6) to base 4.
2231222
Convert -1c6 (base 14) to base 15.
-19a
10104 (base 6) to base 7
3616
-111100121 (base 3) to base 7
-40246
-8678 (base 9) to base 12
-3845
-18041 (base 10) to base 16
-4679
Convert 23633 (base 9) to base 2.
11110111010001
What is -100011000101001 (base 2) in base 16?
-4629
203 (base 8) to base 4
2003
1010101000101 (base 2) to base 5
133240
Convert -3412 (base 5) to base 6.
-2122
What is 2220201 (base 3) in base 5?
32000
What is -526 (base 12) in base 14?
-3b8
1a6 (base 12) to base 9
330
22011 (base 3) to base 12
164
What is 1000011111001101 (base 2) in base 14?
c953
What is -11831 (base 9) in base 15?
-2561
22332 (base 4) to base 7
2022
Convert a44 (base 14) to base 8.
3744
What is -743 (base 9) in base 10?
-606
Convert -220102 (base 3) to base 6.
-3015
-710 (base 8) to base 15
-206
What is 837 (base 13) in base 2?
10101110110
Convert -907c (base 14) to base 3.
-1021000202
What is 30005 (base 6) in base 15?
1248
What is 9778 (base 11) in base 8?
31157
Convert 200002222 (base 3) to base 12.
7782
-4eb (base 16) to base 9
-1648
What is -10211 (base 4) in base 11?
-247
-96 (base 13) to base 4
-1323
-3556 (base 8) to base 4
-131232
-72d (